{"id":369,"date":"2019-09-30T12:12:41","date_gmt":"2019-09-30T10:12:41","guid":{"rendered":"http:\/\/pracownia-alternatywa.home.pl\/autoinstalator\/wordpress10\/?page_id=369"},"modified":"2019-09-30T12:22:46","modified_gmt":"2019-09-30T10:22:46","slug":"od-bezsilnosci-do-sily-od-bezradnosci-do-pomyslu-warsztat-instruktazowy","status":"publish","type":"page","link":"http:\/\/motylarnia.edu.pl\/index.php\/od-bezsilnosci-do-sily-od-bezradnosci-do-pomyslu-warsztat-instruktazowy\/","title":{"rendered":"Od bezsilno\u015bci do si\u0142y. Od bezradno\u015bci do pomys\u0142u. Warsztat instrukta\u017cowy"},"content":{"rendered":"\n<p>Bezsilno\u015b\u0107 i bezradno\u015b\u0107 potrafi\u0105 unieruchomi\u0107 cz\u0142owieka na kilka miesi\u0119cy lub lat. Mur, z kt\u00f3rym pr\u00f3bujemy walczy\u0107, staje si\u0119 coraz wi\u0119kszy i niedost\u0119pny. Wszystkie pomys\u0142y, kt\u00f3re poddawali\u015bmy pr\u00f3bie nie pozwoli\u0142y rozwi\u0105za\u0107 problemu. A\u017c przyszed\u0142 dzie\u0144, kiedy odesz\u0142a si\u0142a na jego pokonywanie\u2026 Warsztat, na kt\u00f3ry zapraszamy,  pomaga w nazwaniu MUR\u00d3W oraz przedstawienia drogi ich pokonania, tak\u017ce wtedy, gdy brak si\u0142y i pomys\u0142\u00f3w<\/p>\n\n\n\n<div class=\"wp-block-image\"><figure class=\"alignleft\"><img loading=\"lazy\" decoding=\"async\" width=\"100\" height=\"25\" src=\"http:\/\/pracownia-alternatywa.home.pl\/autoinstalator\/wordpress10\/wp-content\/uploads\/2019\/09\/alfabe5.gif\" alt=\"\" class=\"wp-image-128\"\/><\/figure><\/div>\n\n\n\n<hr class=\"wp-block-separator\"\/>\n\n\n\n<p>ka\u017cdej kobiety, kt\u00f3ra uko\u0144czy\u0142a 18 r. \u017c.<\/p>\n\n\n\n<div class=\"wp-block-image\"><figure class=\"alignleft\"><img loading=\"lazy\" decoding=\"async\" width=\"158\" height=\"26\" src=\"http:\/\/pracownia-alternatywa.home.pl\/autoinstalator\/wordpress10\/wp-content\/uploads\/2019\/09\/genogr5.gif\" alt=\"\" class=\"wp-image-328\"\/><\/figure><\/div>\n\n\n\n<hr class=\"wp-block-separator\"\/>\n\n\n\n<ol class=\"wp-block-list\"><li>Rozpoznawania, w prawid\u0142owy spos\u00f3b, w\u0142asnych mur\u00f3w i ich charakteru<\/li><li>Odr\u00f3\u017cniania bezsilno\u015bci od bezradno\u015bci<\/li><li>Krok\u00f3w, kt\u00f3re nale\u017cy wykona\u0107, aby pokona\u0107 bezsilno\u015b\u0107 i bezradno\u015b\u0107<\/li><\/ol>\n\n\n\n<div class=\"wp-block-image\"><figure class=\"alignleft\"><img loading=\"lazy\" decoding=\"async\" width=\"130\" height=\"25\" src=\"http:\/\/pracownia-alternatywa.home.pl\/autoinstalator\/wordpress10\/wp-content\/uploads\/2019\/09\/alfabe6.gif\" alt=\"\" class=\"wp-image-332\"\/><\/figure><\/div>\n\n\n\n<hr class=\"wp-block-separator\"\/>\n\n\n\n<br><ol><li>Materia\u0142y ksero z wiadomo\u015bciami niezb\u0119dnymi do stawiania czo\u0142a bezsilno\u015bci i bezradno\u015bci<\/li><li>Opiek\u0119 merytoryczn\u0105 psychoterapeuty<\/li><li>S\u0142odki pocz\u0119stunek<\/li><\/ol>\n\n\n\n<div class=\"wp-block-image\"><figure class=\"alignleft\"><img loading=\"lazy\" decoding=\"async\" width=\"83\" height=\"25\" src=\"http:\/\/pracownia-alternatywa.home.pl\/autoinstalator\/wordpress10\/wp-content\/uploads\/2019\/09\/genogr4.gif\" alt=\"\" class=\"wp-image-333\"\/><\/figure><\/div>\n\n\n\n<hr class=\"wp-block-separator\"\/>\n\n\n\n<br><p>21.10, g. 17.00-20.00<\/p>\n\n\n\n<p>termin zapis\u00f3w: 17.10.2019<\/p>\n\n\n\n<p><strong>ZE WZGL\u0118DU NA MA\u0141\u0104 ILO\u015a\u0106 MIEJSC, DECYDUJE KOLEJNOS\u0106 ZG\u0141OSZE\u0143<\/strong><\/p>\n\n\n\n<div class=\"wp-block-image\"><figure class=\"alignleft\"><img loading=\"lazy\" decoding=\"async\" width=\"78\" height=\"25\" src=\"http:\/\/pracownia-alternatywa.home.pl\/autoinstalator\/wordpress10\/wp-content\/uploads\/2019\/09\/coachi6-1.gif\" alt=\"\" class=\"wp-image-145\"\/><\/figure><\/div>\n\n\n\n<hr class=\"wp-block-separator\"\/>\n\n\n\n<p>100 z\u0142<\/p>\n\n\n\n<p> Warunkiem uczestnictwa w warsztacie jest przelanie ca\u0142ej kwoty do dnia  17.10.2019. W przypadku nieobecno\u015bci Uczestnika Organizator zwraca  po\u0142ow\u0119 tej kwoty.  <\/p>\n\n\n\n<div class=\"wp-block-image\"><figure class=\"alignleft\"><img loading=\"lazy\" decoding=\"async\" width=\"86\" height=\"24\" src=\"http:\/\/pracownia-alternatywa.home.pl\/autoinstalator\/wordpress10\/wp-content\/uploads\/2019\/09\/psycho5-1.gif\" alt=\"\" class=\"wp-image-339\"\/><\/figure><\/div>\n\n\n\n<hr class=\"wp-block-separator\"\/>\n\n\n\n<p>Motylarnia. O\u015brodek Rozwoju Osobistego i Zawodowego dla Kobiet<\/p>\n\n\n\n<p>ul. Szeroka 41 lok.2<\/p>\n\n\n\n<p>87-100 Toru\u0144<\/p>\n\n\n\n<div class=\"wp-block-image\"><figure class=\"alignleft\"><img loading=\"lazy\" decoding=\"async\" width=\"93\" height=\"25\" src=\"http:\/\/pracownia-alternatywa.home.pl\/autoinstalator\/wordpress10\/wp-content\/uploads\/2019\/09\/coachi8.gif\" alt=\"\" class=\"wp-image-132\"\/><\/figure><\/div>\n\n\n\n<hr class=\"wp-block-separator\"\/>\n\n\n\n<p>\nW jaki spos\u00f3b mo\u017cesz dokona\u0107 p\u0142atno\u015bci przeczytaj <a href=\"http:\/\/pracownia-alternatywa.home.pl\/autoinstalator\/wordpress10\/index.php\/platnosci\/\">TUTAJ<\/a><\/p>\n\n\n\n<div class=\"wp-block-image\"><figure class=\"alignleft\"><img loading=\"lazy\" decoding=\"async\" width=\"84\" height=\"23\" src=\"http:\/\/pracownia-alternatywa.home.pl\/autoinstalator\/wordpress10\/wp-content\/uploads\/2019\/09\/coachi7-1.gif\" alt=\"\" class=\"wp-image-146\"\/><\/figure><\/div>\n\n\n\n<hr class=\"wp-block-separator\"\/>\n\n\n\n<ul class=\"wp-block-list\"><li>mailowo: <a href=\"mailto:kontakt@motylarnia.edu.pl\">kontakt@motylarnia.edu.pl<\/a><\/li><li>przy pomocy formularza rejestracyjnego (znajduj\u0105cego si\u0119 tutaj)<\/li><li>telefonicznie: 697094805<\/li><\/ul>\n\n\n\n<div class=\"wp-block-image\"><figure class=\"alignleft\"><img loading=\"lazy\" decoding=\"async\" width=\"117\" height=\"29\" src=\"http:\/\/pracownia-alternatywa.home.pl\/autoinstalator\/wordpress10\/wp-content\/uploads\/2019\/09\/alfabe4.gif\" alt=\"\" class=\"wp-image-134\"\/><\/figure><\/div>\n\n\n\n<hr class=\"wp-block-separator\"\/>\n\n\n\n<br><p><strong>dr n. hum. Dominika  \u0141\u0119cka<\/strong> w zakresie socjologii \nzdrowia, certyfikowany psychoterapeuta i doradca systemowy (WTTS Pozna\u0144,\n  certyfikat nr 47\/2012), pedagog.W trakcie certyfikacji w terapii EFT w\n Intrze. Od 18 lat  wsp\u00f3\u0142pracuj\u0105ca z Poradniami Zdrowia Psychicznego \n(NZOZ)&nbsp;i innymi  instytucjami pomocowymi (Poradnie \nPsychologiczno-Pedagogiczne, Punkty  Konsultacyjne). Zrealizowa\u0142a ponad \n300 godzin warsztatowych i rozwoju  osobistego. Mama Mateuszka i Adasia.\n Wi\u0119cej informacji<a href=\"http:\/\/dominikalecka.pl\"> TUTAJ<\/a><\/p>\n","protected":false},"excerpt":{"rendered":"<p>Bezsilno\u015b\u0107 i bezradno\u015b\u0107 potrafi\u0105 unieruchomi\u0107 cz\u0142owieka na kilka miesi\u0119cy lub lat. Mur, z kt\u00f3rym pr\u00f3bujemy walczy\u0107, staje si\u0119 coraz wi\u0119kszy<\/p>\n","protected":false},"author":1,"featured_media":0,"parent":0,"menu_order":0,"comment_status":"closed","ping_status":"closed","template":"","meta":{"footnotes":""},"class_list":["post-369","page","type-page","status-publish","hentry"],"_links":{"self":[{"href":"http:\/\/motylarnia.edu.pl\/index.php\/wp-json\/wp\/v2\/pages\/369","targetHints":{"allow":["GET"]}}],"collection":[{"href":"http:\/\/motylarnia.edu.pl\/index.php\/wp-json\/wp\/v2\/pages"}],"about":[{"href":"http:\/\/motylarnia.edu.pl\/index.php\/wp-json\/wp\/v2\/types\/page"}],"author":[{"embeddable":true,"href":"http:\/\/motylarnia.edu.pl\/index.php\/wp-json\/wp\/v2\/users\/1"}],"replies":[{"embeddable":true,"href":"http:\/\/motylarnia.edu.pl\/index.php\/wp-json\/wp\/v2\/comments?post=369"}],"version-history":[{"count":6,"href":"http:\/\/motylarnia.edu.pl\/index.php\/wp-json\/wp\/v2\/pages\/369\/revisions"}],"predecessor-version":[{"id":376,"href":"http:\/\/motylarnia.edu.pl\/index.php\/wp-json\/wp\/v2\/pages\/369\/revisions\/376"}],"wp:attachment":[{"href":"http:\/\/motylarnia.edu.pl\/index.php\/wp-json\/wp\/v2\/media?parent=369"}],"curies":[{"name":"wp","href":"https:\/\/api.w.org\/{rel}","templated":true}]}}