{"id":327,"date":"2019-09-10T13:33:11","date_gmt":"2019-09-10T11:33:11","guid":{"rendered":"http:\/\/pracownia-alternatywa.home.pl\/autoinstalator\/wordpress10\/?page_id=327"},"modified":"2025-11-03T12:42:06","modified_gmt":"2025-11-03T11:42:06","slug":"genogram-narzedzie-diagnozy-rodziny","status":"publish","type":"page","link":"https:\/\/motylarnia.edu.pl\/index.php\/genogram-narzedzie-diagnozy-rodziny\/","title":{"rendered":"Genogram. Narz\u0119dzie wywiadu i diagnozy. Szkolenie dla pocz\u0105tkuj\u0105cych"},"content":{"rendered":"\n<figure class=\"wp-block-image size-full\"><img loading=\"lazy\" decoding=\"async\" width=\"940\" height=\"559\" src=\"https:\/\/motylarnia.edu.pl\/wp-content\/uploads\/2025\/11\/panel.glowny.jpg\" alt=\"\" class=\"wp-image-1455\" srcset=\"https:\/\/motylarnia.edu.pl\/wp-content\/uploads\/2025\/11\/panel.glowny.jpg 940w, https:\/\/motylarnia.edu.pl\/wp-content\/uploads\/2025\/11\/panel.glowny-300x178.jpg 300w, https:\/\/motylarnia.edu.pl\/wp-content\/uploads\/2025\/11\/panel.glowny-768x457.jpg 768w\" sizes=\"auto, (max-width: 940px) 100vw, 940px\" \/><\/figure>\n\n\n\n<p><\/p>\n\n\n<div class=\"wp-block-image\">\n<figure class=\"alignleft size-large\"><img loading=\"lazy\" decoding=\"async\" width=\"11\" height=\"11\" src=\"http:\/\/pracownia-alternatywa.home.pl\/autoinstalator\/wordpress10\/wp-content\/uploads\/2020\/11\/kwadrat.jpg\" alt=\"\" class=\"wp-image-513\"\/><\/figure>\n<\/div>\n\n<p><strong>DLA KOGO? <br \/><\/strong><\/p>\n<p>Psychoterapeuci , trenerzy, psychologowie, pedagodzy, asystenci rodzin i in. specjali\u015bci pracuj\u0105cy z rodzin\u0105 oraz studenci ostatnich lat kierunk\u00f3w humanistycznych i spo\u0142ecznych<\/p>\n\n<div class=\"wp-block-image\">\n<figure class=\"alignleft size-large\"><img loading=\"lazy\" decoding=\"async\" width=\"11\" height=\"11\" src=\"http:\/\/pracownia-alternatywa.home.pl\/autoinstalator\/wordpress10\/wp-content\/uploads\/2020\/11\/kwadrat.jpg\" alt=\"\" class=\"wp-image-513\"\/><\/figure>\n<\/div>\n\n\n<p><strong>CZEGO SI\u0118 NAUCZYSZ?<\/strong><\/p>\n\n\n\n<ul class=\"wp-block-list\">\n<li>Wykonywania genogramu klienta\/pacjenta<\/li>\n\n\n\n<li>Czytania genogram\u00f3w sporz\u0105dzonych przez innych specjalis\u00f3w<\/li>\n\n\n\n<li>Prowadzenia wywiadu z osob\u0105 indywidualn\u0105, par\u0105, rodzin\u0105 z u\u017cyciem genogramu<\/li>\n\n\n\n<li>Stawiania tzw. pytania do genogramu<\/li>\n\n\n\n<li>Badania relacji w rodzinie i ich uwarunkowa\u0144 dzi\u0119ki genogramowi<\/li>\n<\/ul>\n\n\n<div class=\"wp-block-image\">\n<figure class=\"alignleft size-large\"><img loading=\"lazy\" decoding=\"async\" width=\"11\" height=\"11\" src=\"http:\/\/pracownia-alternatywa.home.pl\/autoinstalator\/wordpress10\/wp-content\/uploads\/2020\/11\/kwadrat.jpg\" alt=\"\" class=\"wp-image-513\"\/><\/figure>\n<\/div>\n\n\n<p><span class=\"has-inline-color has-white-color\"><\/span><span class=\"has-inline-color has-white-color\"><\/span><\/p>\n\n\n\n<p><strong>PROGRAM<\/strong><\/p>\n\n\n\n<p>1. Symbole i zasady rysowania genogramu \u2013 teoria i \u0107wiczenia praktyczne<\/p>\n\n\n\n<p>2. Rysowanie genogramu na podstawie spisanego wywiadu \u2013 \u0107wiczenia<\/p>\n\n\n\n<p>3. Rysowanie genogramu w trakcie prowadzonego wywiadu \u2013 \u0107wiczenia<\/p>\n\n\n\n<p>4. Stawianie pytania genogramowego \u2013 \u0107wiczenia<\/p>\n\n\n\n<p>5. Tworzenie w\u0142asnej legendy-\u0107wiczenia<\/p>\n\n\n\n<p>6. Zasady diagnozy z u\u017cyciem genogramu<\/p>\n\n\n\n<p>7. Identyfikacja wzorc\u00f3w przekona\u0144 i mit\u00f3w rodzinnych, rodzinnych, tr\u00f3jk\u0105t\u00f3w rodzinnych, podsystem\u00f3w, traum transgeneracyjnych, regu\u0142 zachowania, ukrytych lojalno\u015bci, wzorc\u00f3w komunikacji, wzorc\u00f3w w\u0142adzy i kontroli \u2013 znaczenie dla diagnozy i \u0107wiczenia<\/p>\n\n\n\n<ul class=\"wp-block-list\">\n<li>Identyfikacja strukturalnych zaburze\u0144 rodziny (<em>zaburzona hierarchia podsystem\u00f3w, odwr\u00f3cony tr\u00f3jk\u0105t, w\u0119druj\u0105cy odwr\u00f3cony tr\u00f3jk\u0105t, sztywne triady, patologiczne triangulacje, brak element\u00f3w&nbsp;systemu) i ich wp\u0142yw na poszczeg\u00f3lnych cz\u0142onk\u00f3w rodziny<\/em><\/li>\n\n\n\n<li>Identyfikacja relacyjnych zaburze\u0144 rodziny (<em>zaburzona autonomia systemu, zaburzenia w\u0142adzy w&nbsp;rodzinie, mity rodzinne, lojalno\u015b\u0107 rodzinna a struktura konflikt\u00f3w lojalno\u015bci, wzory interakcji&nbsp;blisko\u015bci i dystansu oraz konflikt\u00f3w<\/em>) <em>i ich wp\u0142yw na <em>poszczeg\u00f3lnych cz\u0142onk\u00f3w rodziny<\/em><\/em><\/li>\n\n\n\n<li>Identyfikacja temporalnych zaburze\u0144 rodziny na podstawie genogramu (kryzysy a zadania fazy i&nbsp;zagro\u017cenia) <em>i ich wp\u0142yw na <em>poszczeg\u00f3lnych cz\u0142onk\u00f3w rodziny<\/em><\/em><\/li>\n<\/ul>\n\n\n\n<p>8. Tworzenie w\u0142asnego genogramu &#8211; praca w\u0142asna uczestnika<\/p>\n\n\n<div class=\"wp-block-image\">\n<figure class=\"alignleft size-large\"><img loading=\"lazy\" decoding=\"async\" width=\"11\" height=\"11\" src=\"http:\/\/pracownia-alternatywa.home.pl\/autoinstalator\/wordpress10\/wp-content\/uploads\/2020\/11\/kwadrat.jpg\" alt=\"\" class=\"wp-image-513\"\/><\/figure>\n<\/div>\n\n\n<p><\/p>\n\n\n\n<p><strong>CO OTRZYMASZ?<\/strong><\/p>\n\n\n\n<ul class=\"wp-block-list\">\n<li>materia\u0142y z zawarto\u015bci\u0105 tre\u015bci szkolenia<\/li>\n\n\n\n<li>za\u015bwiadczenie o uczestnictwie<\/li>\n\n\n\n<li>opiek\u0119 merytoryczn\u0105 prowadz\u0105cej<\/li>\n<\/ul>\n\n\n<div class=\"wp-block-image\">\n<figure class=\"alignleft size-large\"><img loading=\"lazy\" decoding=\"async\" width=\"11\" height=\"11\" src=\"http:\/\/pracownia-alternatywa.home.pl\/autoinstalator\/wordpress10\/wp-content\/uploads\/2020\/11\/kwadrat.jpg\" alt=\"\" class=\"wp-image-513\"\/><\/figure>\n<\/div>\n\n\n<p><strong>TERMINY<\/strong><\/p>\n\n\n\n<p>Termin szkolenia: 13.12.2025, g. 10.00-18.00<\/p>\n\n\n\n<p>Termin zapis\u00f3w: 28.11.2025<\/p>\n\n\n<div class=\"wp-block-image\">\n<figure class=\"alignleft size-large\"><img loading=\"lazy\" decoding=\"async\" width=\"11\" height=\"11\" src=\"http:\/\/pracownia-alternatywa.home.pl\/autoinstalator\/wordpress10\/wp-content\/uploads\/2020\/11\/kwadrat.jpg\" alt=\"\" class=\"wp-image-513\"\/><\/figure>\n<\/div>\n\n\n<p><strong>CENA<\/strong> 400 z\u0142<\/p>\n\n\n\n<p>Warunkiem uczestnictwa w warsztacie jest przelanie ca\u0142ej kwoty do dnia 3.12.2025. W przypadku odwo\u0142ania obecno\u015bci do dnia 5.12.2025 Organizator zwraca po\u0142ow\u0119 kwoty. Po tym terminie kwota nie jest zwracana.<\/p>\n\n\n<div class=\"wp-block-image\">\n<figure class=\"alignleft size-large\"><img loading=\"lazy\" decoding=\"async\" width=\"11\" height=\"11\" src=\"http:\/\/pracownia-alternatywa.home.pl\/autoinstalator\/wordpress10\/wp-content\/uploads\/2020\/11\/kwadrat.jpg\" alt=\"\" class=\"wp-image-513\"\/><\/figure>\n<\/div>\n\n\n<p><strong>MIEJSCE SZKOLENIA<\/strong><\/p>\n\n\n\n<p>Wirtualna sala szkoleniowa na platformie Zoom<\/p>\n\n\n<div class=\"wp-block-image\">\n<figure class=\"alignleft size-large\"><img loading=\"lazy\" decoding=\"async\" width=\"11\" height=\"11\" src=\"http:\/\/pracownia-alternatywa.home.pl\/autoinstalator\/wordpress10\/wp-content\/uploads\/2020\/11\/kwadrat.jpg\" alt=\"\" class=\"wp-image-513\"\/><\/figure>\n<\/div>\n\n\n<p><strong>ORGANIZATOR SZKOLENIA<\/strong><\/p>\n\n\n\n<p>Motylarnia. O\u015brodek Rozwoju Osobistego i Zawodowego dla Kobiet, ul. Szeroka 41, 87-100 Toru\u0144<\/p>\n\n\n<div class=\"wp-block-image\">\n<figure class=\"alignleft size-large\"><img loading=\"lazy\" decoding=\"async\" width=\"11\" height=\"11\" src=\"http:\/\/pracownia-alternatywa.home.pl\/autoinstalator\/wordpress10\/wp-content\/uploads\/2020\/11\/kwadrat.jpg\" alt=\"\" class=\"wp-image-513\"\/><\/figure>\n<\/div>\n\n\n<p><strong>P\u0141ATNO\u015aCI <\/strong><\/p>\n\n\n\n<p>W jaki spos\u00f3b mo\u017cesz dokona\u0107 p\u0142atno\u015bci przeczytaj <a href=\"http:\/\/motylarnia.edu.pl\/index.php\/platnosci\/\" data-type=\"page\" data-id=\"56\">TUTAJ<\/a><\/p>\n\n\n<div class=\"wp-block-image\">\n<figure class=\"alignleft size-large\"><img loading=\"lazy\" decoding=\"async\" width=\"11\" height=\"11\" src=\"http:\/\/pracownia-alternatywa.home.pl\/autoinstalator\/wordpress10\/wp-content\/uploads\/2020\/11\/kwadrat.jpg\" alt=\"\" class=\"wp-image-513\"\/><\/figure>\n<\/div>\n\n\n<p><strong>ZAPISY<\/strong><\/p>\n\n\n\n<ul class=\"wp-block-list\">\n<li>mailowo: <a href=\"mailto:kontakt@motylarnia.edu.pl\">kontakt@motylarnia.edu.pl<\/a><\/li>\n\n\n\n<li>przy pomocy formularza rejestracyjnego &#8211; <a href=\"http:\/\/motylarnia.edu.pl\/index.php\/zarezerwuj-wizyte\/\" data-type=\"page\" data-id=\"775\">WEJD\u0179<\/a><\/li>\n\n\n\n<li>telefonicznie: 697094805<\/li>\n<\/ul>\n\n\n<div class=\"wp-block-image\">\n<figure class=\"alignleft size-large\"><img loading=\"lazy\" decoding=\"async\" width=\"11\" height=\"11\" src=\"http:\/\/pracownia-alternatywa.home.pl\/autoinstalator\/wordpress10\/wp-content\/uploads\/2020\/11\/kwadrat.jpg\" alt=\"\" class=\"wp-image-513\"\/><\/figure>\n<\/div>\n\n\n<p><strong>PROWADZ\u0104CA<\/strong>: dr n. hum. Dominika \u0141\u0119cka<\/p>\n\n\n\n<p class=\"has-text-align-left\">Certyfikowany psychoterapeuta systemowy oraz EFT, doktor nauk humanistycznych w zakresie socjologii zdrowia, promotor zdrowia. Kierownik w O\u015brodku Rozwoju Osobistego i Zawodowego dla Kobiet \u201eMotylarnia\u201d w Toruniu. Pracuj\u0105ca g\u0142\u00f3wnie w zakresie traumy i psychosomatyki. Naukowo zajmuj\u0105ca si\u0119 diagnoz\u0105 prze\u017cycia, narracj\u0105 o problemie, emocj\u0105 jako zmys\u0142em i socjosomatyk\u0105. Wi\u0119cej informacji<a href=\"http:\/\/dominikalecka.pl\"> TUTAJ<\/a><\/p>\n","protected":false},"excerpt":{"rendered":"<p>DLA KOGO? Psychoterapeuci , trenerzy, psychologowie, pedagodzy, asystenci rodzin i in. specjali\u015bci pracuj\u0105cy z rodzin\u0105 oraz studenci ostatnich lat kierunk\u00f3w<\/p>\n","protected":false},"author":1,"featured_media":0,"parent":0,"menu_order":0,"comment_status":"closed","ping_status":"closed","template":"","meta":{"footnotes":""},"class_list":["post-327","page","type-page","status-publish","hentry"],"_links":{"self":[{"href":"https:\/\/motylarnia.edu.pl\/index.php\/wp-json\/wp\/v2\/pages\/327","targetHints":{"allow":["GET"]}}],"collection":[{"href":"https:\/\/motylarnia.edu.pl\/index.php\/wp-json\/wp\/v2\/pages"}],"about":[{"href":"https:\/\/motylarnia.edu.pl\/index.php\/wp-json\/wp\/v2\/types\/page"}],"author":[{"embeddable":true,"href":"https:\/\/motylarnia.edu.pl\/index.php\/wp-json\/wp\/v2\/users\/1"}],"replies":[{"embeddable":true,"href":"https:\/\/motylarnia.edu.pl\/index.php\/wp-json\/wp\/v2\/comments?post=327"}],"version-history":[{"count":81,"href":"https:\/\/motylarnia.edu.pl\/index.php\/wp-json\/wp\/v2\/pages\/327\/revisions"}],"predecessor-version":[{"id":1456,"href":"https:\/\/motylarnia.edu.pl\/index.php\/wp-json\/wp\/v2\/pages\/327\/revisions\/1456"}],"wp:attachment":[{"href":"https:\/\/motylarnia.edu.pl\/index.php\/wp-json\/wp\/v2\/media?parent=327"}],"curies":[{"name":"wp","href":"https:\/\/api.w.org\/{rel}","templated":true}]}}

Genogram. Narzędzie wywiadu i diagnozy. Szkolenie dla początkujących

<figure class="wp-block-image size-full"><img loading="lazy" decoding="async" width="940" height="559" src="https://motylarnia.edu.pl/wp-content/uploads/2025/11/panel.glowny.jpg" alt="" class="wp-image-1455" srcset="https://motylarnia.edu.pl/wp-content/uploads/2025/11/panel.glowny.jpg 940w, https://motylarnia.edu.pl/wp-content/uploads/2025/11/panel.glowny-300x178.jpg 300w, https://motylarnia.edu.pl/wp-content/uploads/2025/11/panel.glowny-768x457.jpg 768w" sizes="auto, (max-width: 940px) 100vw, 940px" /></figure>



<p></p>


<div class="wp-block-image">
<figure class="alignleft size-large"><img loading="lazy" decoding="async" width="11" height="11" src="http://pracownia-alternatywa.home.pl/autoinstalator/wordpress10/wp-content/uploads/2020/11/kwadrat.jpg" alt="" class="wp-image-513"/></figure>
</div>

<p><strong>DLA KOGO? <br /></strong></p>
<p>Psychoterapeuci , trenerzy, psychologowie, pedagodzy, asystenci rodzin i in. specjaliści pracujący z rodziną oraz studenci ostatnich lat kierunków humanistycznych i społecznych</p>

<div class="wp-block-image">
<figure class="alignleft size-large"><img loading="lazy" decoding="async" width="11" height="11" src="http://pracownia-alternatywa.home.pl/autoinstalator/wordpress10/wp-content/uploads/2020/11/kwadrat.jpg" alt="" class="wp-image-513"/></figure>
</div>


<p><strong>CZEGO SIĘ NAUCZYSZ?</strong></p>



<ul class="wp-block-list">
<li>Wykonywania genogramu klienta/pacjenta</li>



<li>Czytania genogramów sporządzonych przez innych specjalisów</li>



<li>Prowadzenia wywiadu z osobą indywidualną, parą, rodziną z użyciem genogramu</li>



<li>Stawiania tzw. pytania do genogramu</li>



<li>Badania relacji w rodzinie i ich uwarunkowań dzięki genogramowi</li>
</ul>


<div class="wp-block-image">
<figure class="alignleft size-large"><img loading="lazy" decoding="async" width="11" height="11" src="http://pracownia-alternatywa.home.pl/autoinstalator/wordpress10/wp-content/uploads/2020/11/kwadrat.jpg" alt="" class="wp-image-513"/></figure>
</div>


<p><span class="has-inline-color has-white-color"></span><span class="has-inline-color has-white-color"></span></p>



<p><strong>PROGRAM</strong></p>



<p>1. Symbole i zasady rysowania genogramu – teoria i ćwiczenia praktyczne</p>



<p>2. Rysowanie genogramu na podstawie spisanego wywiadu – ćwiczenia</p>



<p>3. Rysowanie genogramu w trakcie prowadzonego wywiadu – ćwiczenia</p>



<p>4. Stawianie pytania genogramowego – ćwiczenia</p>



<p>5. Tworzenie własnej legendy-ćwiczenia</p>



<p>6. Zasady diagnozy z użyciem genogramu</p>



<p>7. Identyfikacja wzorców przekonań i mitów rodzinnych, rodzinnych, trójkątów rodzinnych, podsystemów, traum transgeneracyjnych, reguł zachowania, ukrytych lojalności, wzorców komunikacji, wzorców władzy i kontroli – znaczenie dla diagnozy i ćwiczenia</p>



<ul class="wp-block-list">
<li>Identyfikacja strukturalnych zaburzeń rodziny (<em>zaburzona hierarchia podsystemów, odwrócony trójkąt, wędrujący odwrócony trójkąt, sztywne triady, patologiczne triangulacje, brak elementów&nbsp;systemu) i ich wpływ na poszczególnych członków rodziny</em></li>



<li>Identyfikacja relacyjnych zaburzeń rodziny (<em>zaburzona autonomia systemu, zaburzenia władzy w&nbsp;rodzinie, mity rodzinne, lojalność rodzinna a struktura konfliktów lojalności, wzory interakcji&nbsp;bliskości i dystansu oraz konfliktów</em>) <em>i ich wpływ na <em>poszczególnych członków rodziny</em></em></li>



<li>Identyfikacja temporalnych zaburzeń rodziny na podstawie genogramu (kryzysy a zadania fazy i&nbsp;zagrożenia) <em>i ich wpływ na <em>poszczególnych członków rodziny</em></em></li>
</ul>



<p>8. Tworzenie własnego genogramu &#8211; praca własna uczestnika</p>


<div class="wp-block-image">
<figure class="alignleft size-large"><img loading="lazy" decoding="async" width="11" height="11" src="http://pracownia-alternatywa.home.pl/autoinstalator/wordpress10/wp-content/uploads/2020/11/kwadrat.jpg" alt="" class="wp-image-513"/></figure>
</div>


<p></p>



<p><strong>CO OTRZYMASZ?</strong></p>



<ul class="wp-block-list">
<li>materiały z zawartością treści szkolenia</li>



<li>zaświadczenie o uczestnictwie</li>



<li>opiekę merytoryczną prowadzącej</li>
</ul>


<div class="wp-block-image">
<figure class="alignleft size-large"><img loading="lazy" decoding="async" width="11" height="11" src="http://pracownia-alternatywa.home.pl/autoinstalator/wordpress10/wp-content/uploads/2020/11/kwadrat.jpg" alt="" class="wp-image-513"/></figure>
</div>


<p><strong>TERMINY</strong></p>



<p>Termin szkolenia: 13.12.2025, g. 10.00-18.00</p>



<p>Termin zapisów: 28.11.2025</p>


<div class="wp-block-image">
<figure class="alignleft size-large"><img loading="lazy" decoding="async" width="11" height="11" src="http://pracownia-alternatywa.home.pl/autoinstalator/wordpress10/wp-content/uploads/2020/11/kwadrat.jpg" alt="" class="wp-image-513"/></figure>
</div>


<p><strong>CENA</strong> 400 zł</p>



<p>Warunkiem uczestnictwa w warsztacie jest przelanie całej kwoty do dnia 3.12.2025. W przypadku odwołania obecności do dnia 5.12.2025 Organizator zwraca połowę kwoty. Po tym terminie kwota nie jest zwracana.</p>


<div class="wp-block-image">
<figure class="alignleft size-large"><img loading="lazy" decoding="async" width="11" height="11" src="http://pracownia-alternatywa.home.pl/autoinstalator/wordpress10/wp-content/uploads/2020/11/kwadrat.jpg" alt="" class="wp-image-513"/></figure>
</div>


<p><strong>MIEJSCE SZKOLENIA</strong></p>



<p>Wirtualna sala szkoleniowa na platformie Zoom</p>


<div class="wp-block-image">
<figure class="alignleft size-large"><img loading="lazy" decoding="async" width="11" height="11" src="http://pracownia-alternatywa.home.pl/autoinstalator/wordpress10/wp-content/uploads/2020/11/kwadrat.jpg" alt="" class="wp-image-513"/></figure>
</div>


<p><strong>ORGANIZATOR SZKOLENIA</strong></p>



<p>Motylarnia. Ośrodek Rozwoju Osobistego i Zawodowego dla Kobiet, ul. Szeroka 41, 87-100 Toruń</p>


<div class="wp-block-image">
<figure class="alignleft size-large"><img loading="lazy" decoding="async" width="11" height="11" src="http://pracownia-alternatywa.home.pl/autoinstalator/wordpress10/wp-content/uploads/2020/11/kwadrat.jpg" alt="" class="wp-image-513"/></figure>
</div>


<p><strong>PŁATNOŚCI </strong></p>



<p>W jaki sposób możesz dokonać płatności przeczytaj <a href="http://motylarnia.edu.pl/index.php/platnosci/" data-type="page" data-id="56">TUTAJ</a></p>


<div class="wp-block-image">
<figure class="alignleft size-large"><img loading="lazy" decoding="async" width="11" height="11" src="http://pracownia-alternatywa.home.pl/autoinstalator/wordpress10/wp-content/uploads/2020/11/kwadrat.jpg" alt="" class="wp-image-513"/></figure>
</div>


<p><strong>ZAPISY</strong></p>



<ul class="wp-block-list">
<li>mailowo: <a href="mailto:kontakt@motylarnia.edu.pl">kontakt@motylarnia.edu.pl</a></li>



<li>przy pomocy formularza rejestracyjnego &#8211; <a href="http://motylarnia.edu.pl/index.php/zarezerwuj-wizyte/" data-type="page" data-id="775">WEJDŹ</a></li>



<li>telefonicznie: 697094805</li>
</ul>


<div class="wp-block-image">
<figure class="alignleft size-large"><img loading="lazy" decoding="async" width="11" height="11" src="http://pracownia-alternatywa.home.pl/autoinstalator/wordpress10/wp-content/uploads/2020/11/kwadrat.jpg" alt="" class="wp-image-513"/></figure>
</div>


<p><strong>PROWADZĄCA</strong>: dr n. hum. Dominika Łęcka</p>



<p class="has-text-align-left">Certyfikowany psychoterapeuta systemowy oraz EFT, doktor nauk humanistycznych w zakresie socjologii zdrowia, promotor zdrowia. Kierownik w Ośrodku Rozwoju Osobistego i Zawodowego dla Kobiet „Motylarnia” w Toruniu. Pracująca głównie w zakresie traumy i psychosomatyki. Naukowo zajmująca się diagnozą przeżycia, narracją o problemie, emocją jako zmysłem i socjosomatyką. Więcej informacji<a href="http://dominikalecka.pl"> TUTAJ</a></p>

<p>DLA KOGO? Psychoterapeuci , trenerzy, psychologowie, pedagodzy, asystenci rodzin i in. specjaliści pracujący z rodziną oraz studenci ostatnich lat kierunków</p>
